ase 12) to base 8.
-11462
Convert -293 (base 14) to base 15.
-24b
What is 2cfe (base 16) in base 8?
26376
122002 (base 3) to base 12
325
-120020122 (base 3) to base 7
-44255
1000030 (base 6) to base 5
2443144
-122626 (base 8) to base 11
-29937
-11110011010 (base 2) to base 3
-2200002
What is 3b9d (base 15) in base 9?
18434
What is 10001100110 (base 2) in base 11?
934
-30001 (base 4) to base 15
-364
Convert 357 (base 10) to base 8.
545
What is 150332 (base 6) in base 13?
6716
-13400 (base 5) to base 16
-44c
8834 (base 14) to base 8
56016
Convert -3100422 (base 5) to base 12.
-25000
1b9 (base 16) to base 7
1200
302005 (base 6) to base 9
35535
-49299 (base 10) to base 5
-3034144
101022022 (base 4) to base 16
1128a
What is 122344 (base 5) in base 14?
1a16
Convert 1237b (base 12) to base 5.
1242334
What is -309 (base 12) in base 14?
-237
Convert -42230 (base 5) to base 11.
-212a
Convert 1161 (base 10) to base 13.
6b4
1010021 (base 3) to base 10
817
20133103 (base 4) to base 12
18157
What is -4230 (base 6) in base 10?
-954
What is -27368 (base 10) in base 11?
-19620
-253a (base 13) to base 4
-1102220
What is 1843 (base 10) in base 15?
82d
What is -2203 (base 6) in base 3?
-200210
Convert 1312312 (base 4) to base 13.
3601
Convert -100010 (base 2) to base 14.
-26
Convert 110100110 (base 2) to base 6.
1542
Convert aa1 (base 15) to base 10.
2401
Convert -2400 (base 15) to base 6.
-55230
4282 (base 9) to base 11
2406
Convert -1700 (base 8) to base 15.
-440
-20254 (base 6) to base 3
-10200221
Convert 2248 (base 10) to base 9.
3067
Convert -10120221 (base 3) to base 10.
-2617
342 (base 5) to base 16
61
What is -313 (base 11) in base 12?
-275
What is -4022 (base 6) in base 7?
-2363
-55a (base 12) to base 6
-3354
What is -3620 (base 7) in base 9?
-1745
4323 (base 5) to base 4
21030
What is -2981 (base 11) in base 9?
-5236
Convert 6015 (base 12) to base 11.
7891
522 (base 10) to base 14
294
Convert -111111101000 (base 2) to base 13.
-1b13
Convert 11010011110101 (base 2) to base 7.
54345
-5404 (base 7) to base 6
-12511
What is -1322133 (base 5) in base 7?
-140246
What is 3444 (base 16) in base 12?
78b0
Convert 820 (base 13) to base 14.
706
-235331 (base 6) to base 11
-14570
3c37 (base 14) to base 10
10633
What is 853a (base 11) in base 4?
2300200
What is 3241 (base 9) in base 7?
6646
Convert 2467 (base 11) to base 8.
6223
What is -13300 (base 4) in base 7?
-1306
-10040 (base 5) to base 6
-2553
What is ac8 (base 15) in base 11?
1917
What is 177d (base 14) in base 7?
15216
-602 (base 9) to base 14
-26c
Convert -101004 (base 5) to base 3.
-11110112
Convert -21233322 (base 4) to base 3.
-2000202220
4333 (base 8) to base 14
b7d
Convert 18640 (base 13) to base 14.
132b9
What is -341341 (base 5) in base 16?
-2f40
What is 3354 (base 12) in base 8?
13060
12872 (base 11) to base 12
a752
-8224 (base 12) to base 8
-33474
Convert 436 (base 10) to base 14.
232
-7175 (base 8) to base 9
-5071
What is -20538 (base 9) in base 16?
-34fa
What is -103b (base 14) in base 6?
-20541
What is -644a (base 12) in base 7?
-44035
-2210202 (base 3) to base 5
-31140
-36304 (base 7) to base 12
-5544
Convert -13750 (base 8) to base 6.
-44200
What is -a2 (base 16) in base 12?
-116
3ad (base 14) to base 13
450
-1011011001000 (base 2) to base 3
-22000000
-1101001001 (base 2) to base 16
-349
-102113313 (base 4) to base 5
-4402010
-157176 (base 8) to base 12
-28b66
1408 (base 10) to base 13
844
Convert -1010111010100 (base 2) to base 7.
-22202
What is 101000101110000 (base 2) in base 14?
7852
Convert -111b3 (base 13) to base 15.
-9318
Convert 113737 (base 8) to base 4.
21133133
-a09 (base 11) to base 7
-3361
What is -24014 (base 5) in base 6?
-12051
Convert 170753 (base 8) to base 12.
2ba0b
11101000 (base 2) to base 6
1024
Convert 4516 (base 7) to base 16.
65e
What is 1041 (base 8) in base 5?
4140
-336104 (base 7) to base 6
-1140315
What is -6841 (base 12) in base 9?
-16774
Convert 1142 (base 7) to base 11.
354
-380 (base 11) to base 4
-13003
Convert -10111010001001 (base 2) to base 16.
-2e89
Convert 1231 (base 8) to base 2.
1010011001
-2100323 (base 4) to base 10
-9275
-1241 (base 7) to base 13
-2a2
What is 1110110 (base 2) in base 10?
118
1160 (base 16) to base 9
6082
710 (base 12) to base 4
33330
325 (base 9) to base 11
222
What is -685 (base 11) in base 6?
-3443
Convert -309 (base 13) to base 3.
-201010
-1252 (base 10) to base 3
-1201101
-200210 (base 3) to base 5
-4012
Convert -21312 (base 4) to base 8.
-1166
What is -44566 (base 7) in base 15?
-3514
Convert -6314 (base 7) to base 10.
-2216
What is 100100100000101 (base 2) in base 15?
5813
Convert -b990 (base 15) to base 14.
-10461
11674 (base 10) to base 6
130014
What is -101010101101 (base 2) in base 15?
-c23
Convert -461 (base 11) to base 13.
-335
Convert -2099a (base 11) to base 15.
-9070
Convert 11750 (base 9) to base 2.
1111011011110
Convert 26593 (base 10) to base 16.
67e1
-2013 (base 4) to base 3
-12000
-3246 (base 9) to base 3
-10021120
-13011 (base 4) to base 3
-121210
Convert 12b9c (base 14) to base 8.
132166
12023 (base 8) to base 2
1010000010011
1001111011000 (base 2) to base 14
1bcc
Convert -1423120 (base 5) to base 11.
-20418
What is 2002011 (base 3) in base 2?
10111101100
2213 (base 4) to base 3
20012
What is -258ba (base 14) in base 13?
-3300a
What is -7b3b (base 14) in base 10?
-21417
What is -1ca2 (base 16) in base 5?
-213310
Convert -233044 (base 5) to base 15.
-27d4
Convert 225 (base 11) to base 5.
2034
Convert -1275 (base 10) to base 9.
-1666
-132321 (base 4) to base 3
-2201020
-3001 (base 5) to base 12
-274
What is -213333 (base 4) in base 16?
-9ff
What is -152 (base 9) in base 10?
-128
What is -112b9 (base 13) in base 6?
-400400
What is 2031 (base 9) in base 16?
5ce
-1434 (base 7) to base 5
-4224
What is 3011 (base 5) in base 7?
1053
Convert -11129 (base 11) to base 16.
-3efc
bc3 (base 13) to base 4
133202
Convert 66 (base 15) to base 10.
96
Convert -12131 (base 5) to base 8.
-1624
Convert -1240 (base 6) to base 9.
-376
3264 (base 7) to base 6
5233
What is -5b7 (base 12) in base 2?
-1101011011
Convert 10100101000 (base 2) to base 4.
110220
-11857 (base 9) to base 6
-100554
What is -2331 (base 5) in base 6?
-1325
What is -201110 (base 3) in base 9?
-643
Convert a35e (base 16) to base 15.
c5d2
-4662 (base 15) to base 8
-35136
-239 (base 13) to base 4
-12002
What is -31 (base 11) in base 15?
-24
What is -11121120 (base 3) in base 8?
-6443
What is -534 (base 7) in base 8?
-416
What is -411230 (base 7) in base 14?
-1b787
What is 9045 (base 13) in base 4?
10311312
-5412 (base 7) to base 13
-b49
What is 14054 (base 6) in base 15?
9b4
Convert -237 (base 14) to base 5.
-3231
Convert -1111100010011 (base 2) to base 7.
-32123
What is -1195 (base 11) in base 5?
-22211
-3304 (base 5) to base 15
-204
What is -834 (base 13) in base 7?
-4032
What is a7 (base 11) in base 4?
1311
Convert -8c17 (base 16) to base 5.
-2121423
Convert 10052 (base 7) to base 6.
15142
Convert -32940 (base 11) to base 13.
-18948
What is -613 (base 10) in base 3?
-211201
Convert 202102 (base 3) to base 8.
1047
-3550 (base 6) to base 16
-35a
Convert 12103102 (base 4) to base 2.
110010011010010
214254 (base 6) to base 3
220102221
Convert 7184 (base 9) to base 7.
21223
Convert 140334 (base 5) to base 3.
21211211
What is 0 (base 3) in base 13?
0
Convert 1580a (base 13) to base 14.
10ca0
Convert -2120 (base 8) to base 9.
-1456
What is 216a (base 12) in base 6?
25014
17297 (base 10) to base 3
212201122
What is -1201111010 (base 3) in base 9?
-51433
Convert 23143 (base 5) to base 14.
877
Convert -16751 (base 11) to base 2.
-101101111101010
Convert -12023 (base 4) to base 16.
-18b
Convert -35331 (base 6) to base 3.
-20222201
Convert -71 (base 9) to base 3.
-2101
-101000101111110 (base 2) to base 3
-1001121200
5412 (base 8) to base 9
3780
Convert -13 (base 16) to base 11.
-18
What is 25120 (base 6) in base 4?
322020
What is 20440 (base 9) in base 10?
13482
1001011110010101 (base 2) to base 6
455353
-527 (base 11) to base 8
-1172
What is 4116 (base 9) in base 6?
21540
-1032330 (base 4) to base 13
-23b8
What is -d9d1 (base 15) in base 2?
-1011010000010000
Convert a8c1 (base 16) to base 13.
16882
Convert -23634 (base 7) to base 2.
-1100000000110
Convert 372 (base 9) to